{"id":100,"date":"2023-06-07T13:44:04","date_gmt":"2023-06-07T12:44:04","guid":{"rendered":"https:\/\/klima45.de\/?page_id=100"},"modified":"2023-06-07T13:44:04","modified_gmt":"2023-06-07T12:44:04","slug":"komponenten","status":"publish","type":"page","link":"https:\/\/klima45.de\/?page_id=100","title":{"rendered":"Komponenten"},"content":{"rendered":"\n<div class=\"wp-block-columns is-layout-flex wp-container-3\">\n<div class=\"wp-block-column is-layout-flow\" style=\"flex-basis:33.33%\">\n<figure class=\"wp-block-image size-full\"><img decoding=\"async\" loading=\"lazy\" width=\"1024\" height=\"1024\" src=\"https:\/\/klima45.de\/wp-content\/uploads\/2023\/06\/Einzelkomponenten-1.jpg\" alt=\"\" class=\"wp-image-101\" srcset=\"https:\/\/klima45.de\/wp-content\/uploads\/2023\/06\/Einzelkomponenten-1.jpg 1024w, https:\/\/klima45.de\/wp-content\/uploads\/2023\/06\/Einzelkomponenten-1-300x300.jpg 300w, https:\/\/klima45.de\/wp-content\/uploads\/2023\/06\/Einzelkomponenten-1-150x150.jpg 150w, https:\/\/klima45.de\/wp-content\/uploads\/2023\/06\/Einzelkomponenten-1-768x768.jpg 768w, https:\/\/klima45.de\/wp-content\/uploads\/2023\/06\/Einzelkomponenten-1-600x600.jpg 600w, https:\/\/klima45.de\/wp-content\/uploads\/2023\/06\/Einzelkomponenten-1-100x100.jpg 100w\" sizes=\"(max-width: 1024px) 100vw, 1024px\" \/><\/figure>\n<\/div>\n\n\n\n<div class=\"wp-block-column is-layout-flow\" style=\"flex-basis:66.66%\">\n<p><strong>Ein Stromspeicher f\u00fcr den Hausgebrauch besteht im Wesentlichen aus drei Hauptkomponenten:<\/strong><\/p>\n<\/div>\n<\/div>\n\n\n\n<div class=\"wp-block-columns is-layout-flex wp-container-5\">\n<div class=\"wp-block-column is-layout-flow\">\n<p><\/p>\n\n\n\n<ol type=\"1\" start=\"1\">\n<li>Batteriemodul oder Batteriebank: Dies ist der Kern des Stromspeichers und besteht aus mehreren Batteriezellen, die zu einem Modul oder einer Bank zusammengeschlossen sind. Die Batteriezellen k\u00f6nnen verschiedene Technologien wie Lithium-Ionen, Blei-S\u00e4ure oder Redox-Flow verwenden. Die Batteriemodule sind f\u00fcr die Speicherung und Freigabe der elektrischen Energie verantwortlich.<\/li>\n\n\n\n<li>Wechselrichter: Der Wechselrichter ist eine wichtige Komponente, die den Gleichstrom, der von den Batteriemodulen kommt, in Wechselstrom umwandelt, der im Haushalt und im Stromnetz verwendet werden kann. Der Wechselrichter regelt auch den Lade- und Entladevorgang der Batterien und stellt sicher, dass die Energie effizient genutzt wird.<\/li>\n\n\n\n<li>Steuerungseinheit: Die Steuerungseinheit \u00fcbernimmt die \u00dcberwachung und Steuerung des gesamten Stromspeichersystems. Sie \u00fcberwacht den Ladezustand der Batterien, steuert den Lade- und Entladevorgang, optimiert den Eigenverbrauch und kann mit anderen Energiequellen wie der Solaranlage und dem Stromnetz kommunizieren. Die Steuerungseinheit kann auch intelligente Funktionen wie Zeitplanung, Fern\u00fcberwachung und Integration in Energiemanagementsysteme bieten.<\/li>\n<\/ol>\n\n\n\n<p>Zus\u00e4tzlich zu diesen Hauptkomponenten kann ein Stromspeicher f\u00fcr den Hausgebrauch auch Sensoren, Sicherheitsmechanismen, Anzeigeeinheiten und Kommunikationsschnittstellen enthalten, um den Betrieb und die Kontrolle des Systems zu unterst\u00fctzen.<\/p>\n\n\n\n<p>Es ist wichtig anzumerken, dass die genaue Zusammensetzung und Ausf\u00fchrung eines Stromspeichers je nach Hersteller und Modell variieren kann. Es gibt verschiedene Anbieter auf dem Markt, die unterschiedliche Konfigurationen und Technologien anbieten. Beim Kauf eines Stromspeichers sollten Sie die Spezifikationen und Komponenten des Systems sorgf\u00e4ltig pr\u00fcfen, um sicherzustellen, dass sie Ihren Anforderungen entsprechen.<\/p>\n<\/div>\n<\/div>\n","protected":false},"excerpt":{"rendered":"<p>Ein Stromspeicher f\u00fcr den Hausgebrauch besteht im Wesentlichen aus drei Hauptkomponenten: Zus\u00e4tzlich zu diesen Hauptkomponenten kann ein Stromspeicher f\u00fcr den Hausgebrauch auch Sensoren, Sicherheitsmechanismen, Anzeigeeinheiten und Kommunikationsschnittstellen enthalten, um den Betrieb und die Kontrolle des Systems zu unterst\u00fctzen. Es ist wichtig anzumerken, dass die genaue Zusammensetzung und Ausf\u00fchrung eines Stromspeichers je nach Hersteller und Modell &#8230; <a title=\"Komponenten\" class=\"read-more\" href=\"https:\/\/klima45.de\/?page_id=100\" aria-label=\"More on Komponenten\">Read more<\/a><\/p>\n","protected":false},"author":1,"featured_media":0,"parent":0,"menu_order":0,"comment_status":"closed","ping_status":"closed","template":"","meta":{"om_disable_all_campaigns":false,"_monsterinsights_skip_tracking":false,"_monsterinsights_sitenote_active":false,"_monsterinsights_sitenote_note":"","_monsterinsights_sitenote_category":0},"aioseo_notices":[],"_links":{"self":[{"href":"https:\/\/klima45.de\/index.php?rest_route=\/wp\/v2\/pages\/100"}],"collection":[{"href":"https:\/\/klima45.de\/index.php?rest_route=\/wp\/v2\/pages"}],"about":[{"href":"https:\/\/klima45.de\/index.php?rest_route=\/wp\/v2\/types\/page"}],"author":[{"embeddable":true,"href":"https:\/\/klima45.de\/index.php?rest_route=\/wp\/v2\/users\/1"}],"replies":[{"embeddable":true,"href":"https:\/\/klima45.de\/index.php?rest_route=%2Fwp%2Fv2%2Fcomments&post=100"}],"version-history":[{"count":1,"href":"https:\/\/klima45.de\/index.php?rest_route=\/wp\/v2\/pages\/100\/revisions"}],"predecessor-version":[{"id":102,"href":"https:\/\/klima45.de\/index.php?rest_route=\/wp\/v2\/pages\/100\/revisions\/102"}],"wp:attachment":[{"href":"https:\/\/klima45.de\/index.php?rest_route=%2Fwp%2Fv2%2Fmedia&parent=100"}],"curies":[{"name":"wp","href":"https:\/\/api.w.org\/{rel}","templated":true}]}}