{"id":108,"date":"2023-06-07T13:51:24","date_gmt":"2023-06-07T12:51:24","guid":{"rendered":"https:\/\/klima45.de\/?page_id=108"},"modified":"2023-06-12T17:30:13","modified_gmt":"2023-06-12T16:30:13","slug":"elektroauto","status":"publish","type":"page","link":"https:\/\/klima45.de\/?page_id=108","title":{"rendered":"Elektroauto"},"content":{"rendered":"\n<div class=\"wp-block-columns is-layout-flex wp-container-3\">\n<div class=\"wp-block-column is-layout-flow\" style=\"flex-basis:33.33%\">\n<figure class=\"wp-block-image size-full\"><img decoding=\"async\" loading=\"lazy\" width=\"1024\" height=\"1024\" src=\"https:\/\/klima45.de\/wp-content\/uploads\/2023\/06\/AutoalsSpeicher-2.jpg\" alt=\"\" class=\"wp-image-109\" srcset=\"https:\/\/klima45.de\/wp-content\/uploads\/2023\/06\/AutoalsSpeicher-2.jpg 1024w, https:\/\/klima45.de\/wp-content\/uploads\/2023\/06\/AutoalsSpeicher-2-300x300.jpg 300w, https:\/\/klima45.de\/wp-content\/uploads\/2023\/06\/AutoalsSpeicher-2-150x150.jpg 150w, https:\/\/klima45.de\/wp-content\/uploads\/2023\/06\/AutoalsSpeicher-2-768x768.jpg 768w, https:\/\/klima45.de\/wp-content\/uploads\/2023\/06\/AutoalsSpeicher-2-600x600.jpg 600w, https:\/\/klima45.de\/wp-content\/uploads\/2023\/06\/AutoalsSpeicher-2-100x100.jpg 100w\" sizes=\"(max-width: 1024px) 100vw, 1024px\" \/><\/figure>\n<\/div>\n\n\n\n<div class=\"wp-block-column is-layout-flow\" style=\"flex-basis:66.66%\">\n<p><strong>Elektroauto als mobiler Stromspeicher?<\/strong><\/p>\n<\/div>\n<\/div>\n\n\n\n<div class=\"wp-block-columns is-layout-flex wp-container-5\">\n<div class=\"wp-block-column is-layout-flow\">\n<p>Ja, es ist m\u00f6glich, Ihr Elektroauto als mobilen Stromspeicher zu nutzen, um Strom von Ihrer Solaranlage aufzuladen und ihn bei Bedarf an Ihren Haushalt abzugeben. Diese Art der bidirektionalen Stromversorgung wird als Vehicle-to-Home (V2H) oder Vehicle-to-Grid (V2G) bezeichnet.<\/p>\n\n\n\n<p>Dazu ben\u00f6tigen Sie ein Elektrofahrzeug mit sogenannter bidirektionaler Ladefunktion. Diese Funktion erm\u00f6glicht es dem Elektroauto, nicht nur Energie aus dem Stromnetz aufzunehmen, sondern auch \u00fcbersch\u00fcssige Energie aus der Solaranlage aufzuladen und bei Bedarf wieder ins Netz oder in den Haushalt zur\u00fcckzuspeisen.<\/p>\n\n\n\n<p>Mit einem bidirektionalen Ladesystem k\u00f6nnen Sie den Strom in Ihrem Elektroauto speichern, wenn er g\u00fcnstig ist (z. B. wenn Ihre Solaranlage viel Energie erzeugt) und ihn dann nutzen, wenn die Stromkosten h\u00f6her sind oder die Sonne nicht scheint. Sie k\u00f6nnen den gespeicherten Strom auch f\u00fcr Ihren Haushalt verwenden, wenn der Strombedarf hoch ist oder das Netz gest\u00f6rt ist.<\/p>\n\n\n\n<p>Es ist jedoch wichtig zu beachten, dass nicht alle Elektrofahrzeuge von Haus aus \u00fcber eine bidirektionale Ladefunktion verf\u00fcgen. Es gibt einige Modelle, die diese Funktion unterst\u00fctzen, w\u00e4hrend andere es nicht tun. Wenn Sie die V2H- oder V2G-Funktion nutzen m\u00f6chten, sollten Sie sicherstellen, dass Ihr Elektrofahrzeug diese M\u00f6glichkeit bietet.<\/p>\n\n\n\n<p>Dar\u00fcber hinaus ist auch die Installation eines geeigneten bidirektionalen Ladesystems erforderlich, das den Stromfluss zwischen dem Elektroauto und dem Haushalt steuert. Es ist ratsam, sich von einem Fachmann oder einem Elektroinstallateur beraten zu lassen, um die Kompatibilit\u00e4t Ihres Elektrofahrzeugs und die Installation eines bidirektionalen Ladesystems zu pr\u00fcfen.<\/p>\n<\/div>\n<\/div>\n","protected":false},"excerpt":{"rendered":"<p>Elektroauto als mobiler Stromspeicher? Ja, es ist m\u00f6glich, Ihr Elektroauto als mobilen Stromspeicher zu nutzen, um Strom von Ihrer Solaranlage aufzuladen und ihn bei Bedarf an Ihren Haushalt abzugeben. Diese Art der bidirektionalen Stromversorgung wird als Vehicle-to-Home (V2H) oder Vehicle-to-Grid (V2G) bezeichnet. Dazu ben\u00f6tigen Sie ein Elektrofahrzeug mit sogenannter bidirektionaler Ladefunktion. Diese Funktion erm\u00f6glicht es &#8230; <a title=\"Elektroauto\" class=\"read-more\" href=\"https:\/\/klima45.de\/?page_id=108\" aria-label=\"More on Elektroauto\">Read more<\/a><\/p>\n","protected":false},"author":1,"featured_media":0,"parent":0,"menu_order":0,"comment_status":"closed","ping_status":"closed","template":"","meta":{"om_disable_all_campaigns":false,"_monsterinsights_skip_tracking":false,"_monsterinsights_sitenote_active":false,"_monsterinsights_sitenote_note":"","_monsterinsights_sitenote_category":0},"aioseo_notices":[],"_links":{"self":[{"href":"https:\/\/klima45.de\/index.php?rest_route=\/wp\/v2\/pages\/108"}],"collection":[{"href":"https:\/\/klima45.de\/index.php?rest_route=\/wp\/v2\/pages"}],"about":[{"href":"https:\/\/klima45.de\/index.php?rest_route=\/wp\/v2\/types\/page"}],"author":[{"embeddable":true,"href":"https:\/\/klima45.de\/index.php?rest_route=\/wp\/v2\/users\/1"}],"replies":[{"embeddable":true,"href":"https:\/\/klima45.de\/index.php?rest_route=%2Fwp%2Fv2%2Fcomments&post=108"}],"version-history":[{"count":2,"href":"https:\/\/klima45.de\/index.php?rest_route=\/wp\/v2\/pages\/108\/revisions"}],"predecessor-version":[{"id":144,"href":"https:\/\/klima45.de\/index.php?rest_route=\/wp\/v2\/pages\/108\/revisions\/144"}],"wp:attachment":[{"href":"https:\/\/klima45.de\/index.php?rest_route=%2Fwp%2Fv2%2Fmedia&parent=108"}],"curies":[{"name":"wp","href":"https:\/\/api.w.org\/{rel}","templated":true}]}}